r?
False
Let p(h) be the second derivative of -37*h**3 - 119*h**2/2 + 121*h. Is p(-23) a prime number?
True
Suppose -4*o - 5*i - 9 = -52, 0 = -5*o + 4*i + 64. Suppose -2*s = -2*y - 8, 2*s - 1 = 3*y + 8. Is (1 + (-4980)/(-16))/(s/o) a composite number?
False
Let v be 5/10*1*0. Suppose 5*l - 1 = 2*h, 8 = -2*h - 2*l - v*l. Let y(o) = -7*o**3 + 5*o**2 + 4*o + 4. Is y(h) composite?
True
Let m(o) = -o - 5. Let j be m(0). Let r(i) = 5 - 3 - 11*i + 1913*i**3 - 9*i**2 - 1916*i**3 + 4. Is r(j) a prime number?
True
Let z be 508/48*849 + (-2)/8. Let b = z - 4282. Is b a composite number?
False
Let u(j) = -4*j**3 + 5 - 7 + 6*j**2 + 5*j**3 - 10*j - 4. Let v be u(-7). Suppose v*q + 1367 = 16*q. Is q a composite number?
False
Suppose 518 = 2*i + 4*d, -4*i - 4*d + 226 = -822. Let k be (-19)/((-57)/522)*(-32)/(-12). Let y = k - i. Is y composite?
False
Let y = 4621 - -11926. Is y a prime number?
True
Suppose 21*d + 30*d - 8552440 = 3237689. Is d a composite number?
True
Let s(f) = -4*f - 21 + 2*f + 9*f + 2*f. Let b be s(7). Is 56/b + 245/3 prime?
True
Let b = -607060 + 1048571. Is b a prime number?
False
Let c(k) = -106*k**2 - 5*k - 1. Let j be c(-3). Is (-11 - -15 - 3) + j/(-1) prime?
True
Let x(a) = 3*a - 11. Let c be x(4). Is c*2/((-4)/(-1126)) a prime number?
True
Suppose 5*b = 28*t - 25*t - 727618, t + 3*b - 242572 = 0. Is t composite?
False
Suppose 0 = 7499*n - 7510*n + 2563099. Is n composite?
True
Let c = -12251 - -15084. Is c a composite number?
False
Let j(q) = 782*q - 2475. Is j(7) a composite number?
False
Let c(p) = -2725*p**3 + p**2 - 1. Let l = 55 + -53. Let a(d) = d**3 + d + 1. Let w(j) = l*a(j) + c(j). Is w(-1) a prime number?
False
Suppose 3*f + 6 = -4*k + 25, 5 = 2*f - 5*k. Suppose f*u = -3*t - 35, 3*t + 30 = -4*u + t. Is ((-2)/(-8)*u)/(3/(-402)) composite?
True
Let t(u) = 16*u**2 - 5*u - 1. Let b be t(-2). Let i = -70 + b. Is (-12)/i + 12 + 1901 composite?
True
Suppose -15*h - 22*h + 5782171 = 1648494. Is h a composite number?
False
Let v = -462 + 466. Suppose -v*t + 99776 = 5*g - 9*g, -t + 5*g + 24948 = 0. Is t composite?
False
Let v = -21 + 33. Let g(j) = -9*j - 5 + 50*j**2 - 4 - 13 + v*j. Is g(-5) a prime number?
True
Is (-4 - (-20415)/(-10))/(21/(-42)) prime?
True
Let x be (-11 - 928/(-80)) + (-162)/(-5). Is 3/x*(-121)/(-22)*19874 prime?
False
Let i = 107886 + -36569. Is i a composite number?
False
Let t = -115 + 137. Suppose -t*d + 10*d = -192. Suppose -d*r + 3*p = -14*r - 11150, 2*p = -r + 5589. Is r a prime number?
True
Let z(r) = r**3 - r - 14*r**2 + 10 + 5 + 10 - 6. Let l be z(14). Suppose -2*p - p + 228 = -3*q, l*q = 2*p - 143. Is p composite?
False
Let q(c) = 1015*c**3 + 43*c**2 - 6*c - 25. Is q(8) prime?
False
Let w = 306537 + -197950. Is w prime?
True
Let d(t) = 11 - 112*t + 16 - 5. Let r be d(-12). Suppose -16*k = -14*k - r. Is k a prime number?
True
Let x = 241 - 236. Suppose -4*k = 16, -3*k - 2*k + 13145 = x*o. Is o composite?
False
Let h = -1814 + 1035. Let q = h + 2722. Is q a prime number?
False
Let k be (-2)/1 - (2 - (66 + -2)). Suppose -63*n = -k*n - 10365. Is n a prime number?
False
Let v = 271027 - 89466. Is v prime?
False
Let z(t) = 682*t**2 + 99*t - 8. Let k = 152 + -157. Is z(k) composite?
False
Let h be (-627378)/155*(-2 + (-28)/6). Suppose -9*l + h = -19042. Is l a prime number?
False
Let r(f) = 119*f**3 - 52*f**2 + 59*f + 1. Is r(9) a prime number?
True
Let t(h) = 19*h**2 - 14*h + 14. Let o be t(13). Suppose 5*a - 35451 = -14151. Let s = a - o. Is s a composite number?
False
Let o(z) = -2012*z**3 - z**2 - 4*z + 1. Let l be o(2). Let c = l - -22973. Is c prime?
False
Let p = -576 + 2570. Suppose p = 2*g + 2*g + n, g = -5*n + 489. Is g a composite number?
False
Let d be (10/130*13)/(1/30). Is ((-79)/2)/(d/(-660)) a composite number?
True
Let y(o) = -208*o**2 - o. Let c = 78 + -76. Let v be y(c). Is 1 - (-11)/((-11)/v) prime?
False
Suppose 0 = -21*r + 144531 + 50496. Suppose 19*p + r = 38946. Is p composite?
True
Let a be -3 - (30/(-75) - (-22426)/(-10)). Suppose -m - a = -2*v - 4*m, 4*v - 4480 = -3*m. Suppose -g + 3015 = v. Is g prime?
False
Let b(d) = d**2 - 47*d - 11. Let v be b(47). Let r(z) = -7*z**3 - 4*z**2 + 5*z - 31. Is r(v) a composite number?
False
Let m be (-6)/30 + 36955/25. Let f be 25095/12 - (-6)/8. Let o = f - m. Is o a prime number?
False
Let d(s) = s + 26788. Let z be d(0). Suppose -48*f = -44*f - z. Is f composite?
True
Suppose -4*n - 4 = 4*r, n - 5 = 4*n + 2*r. Let f(v) be the second derivative of -50*v**3/3 - 7*v**2/2 + 2*v. Is f(n) composite?
False
Suppose 3*r = 4*c + 250 + 478, c = 2*r - 492. Suppose -r*t - 146215 = -253*t. Is t a prime number?
True
Suppose 42*g - 431867 - 673111 = 0. Is g composite?
False
Is ((-12)/(-36)*5604888/16)/(2/4) prime?
False
Suppose -z - 5 = 0, -4*c + 0*c - 5*z = 25. Suppose 3*p = -2*a + 6*a + 21163, -3*p - 4*a + 21179 = c. Is p composite?
False
Suppose -16*k + 1497850 = -1050646. Is k composite?
True
Suppose -2*j + 12909 = -31419. Let g = 7439 + j. Is g composite?
True
Let u(a) = -3*a**2 - 31*a + 21. Let b be u(-11). Let x be ((-3)/b)/(8 + -7). Suppose -x*l + 1013 = 380. Is l composite?
False
Let u(z) = z**3 - 7*z**2 - 3*z - 34. Let s be u(7). Let f = -51 - s. Suppose 0 = 4*k - 2*n - 314, -f*k + 4*n - 138 + 458 = 0. Is k a composite number?
True
Let t(g) = g**3 + 8*g**2 - 10*g - 7. Let n be t(-9). Suppose 19 = 6*k + 1. Suppose -k*a + 3340 = 3*d - n*a, -a = 5. Is d a prime number?
False
Let m = -33 + 40. Suppose 0 = -j + 65 - m. Is j a composite number?
True
Let h(o) = -290912*o + 509. Is h(-3) prime?
False
Is (-7044265)/(-45) + 44/(-198) a prime number?
True
Let r be 4*(-6)/48*-5046. Let u = -1178 + r. Is u a prime number?
False
Let i = -3771 - -281498. Is i a composite number?
True
Let t(b) be the first derivative of -b**2/2 + 14*b + 6. Let u be t(5). Is ((-6)/u)/((-6)/10809) prime?
True
Let t be (-9)/(-15) - (0 - (-276)/(-15)). Suppose -16*l + t*l = 28503. Is l composite?
True
Let f be (4*3/6)/(2/60). Is ((-15)/f)/((-1)/118460) a composite number?
True
Let l(d) = 6227*d**2 - 484*d + 5460. Is l(11) composite?
True
Let f(b) = -183*b - 104. Let o be f(8). Let h = -417 - o. Is h composite?
False
Suppose 166*h - 164*h + 3218 = 0. Let s = -418 - h. Is s a composite number?
True
Let i(d) = -95*d**3 - 97*d**2 - 25*d + 17. Is i(-8) a prime number?
True
Suppose -3*y - h + 117243 = 0, -y - 70*h + 72*h = -39067. Is y a composite number?
False
Suppose -3*p + 75 = -2*p - o, -4*p + 288 = -o. Let w = p - -37. Suppose 3*t = -w + 771. Is t composite?
True
Let n(p) = -17 - 2*p**2 - 4*p**2 - 10*p + 3*p**2 - 79*p**3 + 80*p**3. Let s be n(7). Suppose 5*r = 6*r - s. Is r prime?
True
Suppose -4*m + 8 = -2*s, -5*m + 17 = -2*s + 6. Let k = 966 + -802. Suppose 2*i + 0*a - 2*a - k = 0, m = -a. Is i a composite number?
False
Suppose 25*f - 20*f - 30 = 0. Suppose -f = -2*h + 2, 5*a - 3476 = h. Let x = a + -65. Is x a composite number?
False
Let a(s) = -s**2 + 22*s + 4. Let m be a(22). Suppose 14622 = 2*i + m*k, -9*i + 6*i + 21936 = 3*k. Is i prime?
False
Suppose u + 6 = -4*x, -3*u - u + 8 = 0. Let t be (27/(-2))/(x/(-4)). Let q = 60 + t. Is q a prime number?
False
Let l(y) = 6*y**3 + 19*y**2 - 100*y - 34. Is l(53) prime?
True
Let m be (18560 + 5)/((-3)/(-9)). Is m/(-45)*(-9)/3 composite?
True
Let p = 1256470 + -554861. Is p prime?
True
Let p = 182574 + -86495. Is p prime?
True
Suppose 7*a - 65891 = 38318. Suppose a = 4*f + 707. Is f prime?
False
Let m(c) = 1013*c**2 + 3*c - 3. Let j be m(2). Suppose -7*z - b = -6*z + 2025, 0 = 2*z + 3*b + j. Is 0 + (2 + -4)*z/8 prime?
False
Let s = -72 + 74. Let m(n) = 555*n**3 - 6*n**2 + 5*n + 3. Is m(s) a composite number?
True
Let v(b) = -4*b**3 - 2*b**2 - 3*b. Let w be v(-3). Let n = -96 + w. Suppose -n*a + 8645 = 2*y, -19049 = -5*a - 3*y - 4639. Is a prime?
False
Let u = -70 + 75. Suppose -3*v = -u*v - 2922. Is (-6 + 5)/((-3)/v*-1) a composite number?
False
Let d(g) = 41*g + 17*g - 40*g - 14 - 10*g**2. Let k be d(-10). Let o = k + 8411. Is o prime?
False
Let f(r) = -5*r**3 + 7*r**2 + 25*r - 4. Let x be f(-8). Let j = 4011 - x. Is j a composite number?
True
Let d(y) = 7544*y - 1573. Is d(25) a composite number?
False
Suppose 30*n - n - 1885 = 0. Is (5919/9)/(-4 - n/(-15)) a composite number?
False
Let i = 761802 + -531653. Is i prime?
True
Let m(s) 